 t.
2, 3, 7
Let b be 1*(0 + -1)*2. Let g(o) = -o + 3. List the prime factors of g(b).
5
Suppose -10*k + 1290 = -2130. List the prime factors of k.
2, 3, 19
Suppose -5*n = 10 - 0. Let v be 1 + -24 - (n + 5). Let x = 50 + v. List the prime factors of x.
2, 3
Let k(x) = -372*x + 31. What are the prime factors of k(-2)?
5, 31
What are the prime factors of 1263 + (44/154)/(2/14)?
5, 11, 23
Suppose 3*r + 3*s + 144 = 0, 5*s + 52 = -0*r - r. What are the prime factors of r*-2*(-1)/(-2)?
47
Let s be 1/2 + (-22)/(-4). Let c(l) = 6*l**2 + 2*l + 9. Let q(w) = -7*w**2 - 4*w - 9. Let k(j) = -6*c(j) - 5*q(j). List the prime factors of k(s).
3
Suppose -35*o = -36*o + 1496. List the prime factors of o.
2, 11, 17
Let n be 5/(-2) + 5/10. Suppose -z - 1 = -0*z. List the prime factors of 41 + -4*z/n.
3, 13
Let h = 30 + 12. What are the prime factors of h?
2, 3, 7
Let f be ((-5)/(-3))/((-3)/(-9)). Let s be (-2 + 2 - 0) + f. Let i(o) = o**3 - 5*o**2 + 2*o + 3. List the prime factors of i(s).
13
Let j(y) = 38*y**2 - 3*y - 20. Let c be j(6). Suppose 6*m - 16*m + c = 0. What are the prime factors of m?
7, 19
Suppose -43*p - 666 = -52*p. List the prime factors of p.
2, 37
Let o = -41 + 26. Suppose -z + 81 = 3*z + x, -2*z - 4*x = -44. Let g = z + o. What are the prime factors of g?
5
Suppose 30*j - 16*j - 7994 = 0. List the prime factors of j.
571
Let q = 410 - 106. What are the prime factors of q?
2, 19
Let a(c) = -c**3 - c**2 + 3*c - 5. Let x be a(-6). Suppose x = -2*f + 479. List the prime factors of f.
7, 23
Suppose 640 = 3*i - 500. List the prime factors of (i/133)/((-1)/(-7)).
2, 5
Suppose -3*m - 881 = -5*i, -i - i + 346 = 2*m. List the prime factors of i.
5, 7
Let j be (-2580)/8*(-10)/15. Suppose 168 = 3*s + 3*u, s = -3*s + 5*u + j. What are the prime factors of s?
5, 11
Let d be (126/(-21))/((-3)/1). List the prime factors of (-4)/(3/(-21)*d).
2, 7
Let s be 7/(-1 - (-6)/4). Suppose -p + 2 = -2. Suppose -2*y - s = -2*l, l - 2*y = -p*l + 44. List the prime factors of l.
2, 5
Suppose 5*v = -4*v - 18. Let o(w) = -337*w - 11. Let t be o(10). List the prime factors of t/(-91) - v/(-13).
37
What are the prime factors of (-672)/(-192)*(2 + -1 + 1213)?
7, 607
Let g = -57 - -100. Let a = 91 - g. Suppose d - a = -2*h - h, -94 = -3*d + h. What are the prime factors of d?
3, 11
Let b(x) = -483*x - 213. What are the prime factors of b(-5)?
2, 3, 367
Let p = 28 - 25. Suppose -o + 235 = 2*w, 8*w + 760 = p*o + 3*w. List the prime factors of o.
5, 7
Let k = 408 + -148. List the prime factors of k.
2, 5, 13
What are the prime factors of (-2228)/(-20) - 2/5?
3, 37
Let s = 1047 + -539. What are the prime factors of s?
2, 127
Let v(o) = 2559*o - 5. List the prime factors of v(1).
2, 1277
Let o(n) = 15*n**3 - 5*n + 5. List the prime factors of o(3).
5, 79
Suppose 2*n - 3*v - 36 = 0, 5*n = -2*v + 29 + 80. Let h be (1 + -5 + 0)*n. List the prime factors of 0 - -2*h/(-8).
3, 7
Let g(r) = 9*r + 1. Let v(d) = -d**2 + 4*d. Let a be v(4). Suppose -5*i + 10 = -a*i. List the prime factors of g(i).
19
Suppose 3*x = 2*r + 4*x - 121, 38 = r + 5*x. Let o = 108 - r. List the prime factors of o.
3, 5
Suppose -646 = 9*y - 2887. What are the prime factors of y?
3, 83
Let h = 8 - -219. Let d = -110 + h. List the prime factors of d.
3, 13
Let b be (3/6)/((3/2)/3). List the prime factors of (1 - (3 - b))/(2/(-138)).
3, 23
Suppose 4*j - 14 = -6. Suppose 0 = -2*k + 4*n + 158, -k - j*k = -4*n - 241. What are the prime factors of k?
83
Let y = 206 + 52. List the prime factors of y.
2, 3, 43
Suppose -4*k - 2*g + 650 = 0, 3*k - 572 + 87 = -g. Let f = k + -69. What are the prime factors of f?
7, 13
Suppose -2*v - 4*l = -188, -v = -19*l + 15*l - 124. Let o = 135 - v. List the prime factors of o.
31
Suppose 0 = 7*g - 5863 - 1578. List the prime factors of g.
1063
Let u(r) = -r**2 - 8*r - 9. Let h(q) = q**3 - 4*q**2 - 2*q + 3. Let o be h(4). Let m be u(o). What are the prime factors of (-52)/6*(-9)/m?
13
Suppose -5*y - 5*i + 20 = 0, 5*i + 1 = 4*y + 3. Suppose -4*l - 12 = 0, -l + 167 = 2*c - y*l. What are the prime factors of c?
2, 41
Suppose -5*r - z + 1120 = 0, z - 895 = -2*r - 2*r. What are the prime factors of r?
3, 5
Let z(l) = 24*l + 41. What are the prime factors of z(7)?
11, 19
Let c = -313 - -316. Let r = -123 - -175. Suppose -c*i = i - r. What are the prime factors of i?
13
Suppose 0 = -2*r - 3*h - 16, -4*h = 2*r - 3*h + 8. What are the prime factors of r/11 - (-906)/22?
41
Let s(w) = 0*w + 13*w + 9 + 63*w - 6*w. What are the prime factors of s(3)?
3, 73
Let t be (252/4 - 1) + -4. Suppose 2*v = 5*m + t - 293, -4*v + 167 = 3*m. What are the prime factors of m?
7
Suppose 0*c - 5*c = -30. Let u(b) = 0*b + 2*b + c + 2*b - 4. List the prime factors of u(7).
2, 3, 5
Let b = -83 + 45. Suppose u + 2*l = -57, -45 - 16 = u - 2*l. Let w = b - u. What are the prime factors of w?
3, 7
Let c = -499 - -874. List the prime factors of c.
3, 5
Let x(h) = 7*h**3 + 27*h**2 + 12*h + 23. Let z(c) = -4*c**3 - 14*c**2 - 6*c - 12. Let q(t) = -3*x(t) - 5*z(t). List the prime factors of q(-11).
3, 19
Suppose 7*c - 2*c = 3520. What are the prime factors of c?
2, 11
Let b(q) = -3*q**3 + 3*q**2 + 37*q + 54. List the prime factors of b(-9).
3, 239
Let p(t) = t - 4. Let v be p(3). Let x(s) be the first derivative of 19*s**3 - s**2/2 - 8. What are the prime factors of x(v)?
2, 29
Let m = 5 - 0. Let f(w) = -w**3 - 8*w**2 - 6*w + 8. Let p be f(-7). Suppose k = m + p. List the prime factors of k.
2, 3
Suppose -2*b - 26 = -4*s + 3*b, -4*b = 2*s. Let i be s/(-20) + 91/5. Let p = i - -44. What are the prime factors of p?
2, 31
Suppose -4*m = a + 2, a - 4 = -2*a - 2*m. Let h(q) = q**3 + q + 4. Let i be h(0). Suppose i*b - a*b = 26. List the prime factors of b.
13
Suppose 0 = 20*p + 5*p - 5825. List the prime factors of p.
233
Let q(w) = 3*w + 4. Let u be q(-11). Let d = u + 17. Let r = 34 - d. What are the prime factors of r?
2, 23
Let g(q) be the third derivative of -17*q**4/24 - 26*q**3/3 + 3*q**2 + 11*q. List the prime factors of g(-10).
2, 59
Let k(p) = p**2 - 9. Suppose 0 = 43*w - 44*w + 6. Let c be k(w). Let a = 18 + c. What are the prime factors of a?
3, 5
Suppose 18*f - 21*f = -15. Suppose -5 = f*i - 0*i. What are the prime factors of (45/(-1) + -1)*i?
2, 23
Let x(r) = -r**3 + 2*r**2 + 5*r - 4. Let j be x(3). Suppose 5100 = 15*s - 10*s. List the prime factors of s/42 + j/(-7).
2, 3
Let p = -11 - -11. Suppose -x + 2 + 1 = p. Suppose -225 = -2*h - x*h. What are the prime factors of h?
3, 5
Let v(o) = -4 - 3*o - 4*o - 5 + 6*o. Let y be v(-12). Suppose -y*d + 27 - 3 = 0. List the prime factors of d.
2
Suppose -9*n = 2*v - 7*n - 1162, 5*n = -4*v + 2323. List the prime factors of v.
2, 3, 97
Suppose -v - 3*b + 21 = 0, 27 = 5*v + 2*b - 13. Suppose 206 = 2*z + v. Suppose 7*l - 3*l = z. What are the prime factors of l?
5
Let j = -11 - -15. Let y be 120/22 - (-900)/1650. Suppose -23 = -3*g - c, 2*c - j*c = g - y. List the prime factors of g.
2
Let l be 2/2*2/2. Let c be (l + 9)/(2/(-5)). Let t = 5 - c. List the prime factors of t.
2, 3, 5
Let g(l) = -l**3 + 16*l**2 - 17*l - 32. Let a(v) = 5*v**3 - 79*v**2 + 86*v + 161. Let i(n) = 2*a(n) + 11*g(n). What are the prime factors of i(16)?
2, 11
Let k(j) = 4*j - 4*j - 2*j + j**2 - 2. Let a be k(-2). List the prime factors of (-40)/30*a/(-4).
2
Suppose 0 = -s - 20 + 22. Suppose s*g - b = -3*b - 36, 9 = -g - 4*b. Let h = g + 70. What are the prime factors of h?
7
Suppose 0 = q - 2*t - 3*t - 12, 5*t = -4*q - 2. Suppose -l - m = 3*l - 394, 0 = -m + q. What are the prime factors of l?
2, 7
Suppose m - y = 16, 49 = 4*m + 5*y + 3. Suppose 5*d - 69 = 5*p + 86, -15 = -5*d. List the prime factors of (-4)/m + (-260)/p.
3
Suppose l + b = 892, 10*b = 4*l + 15*b - 3571. List the prime factors of l.
7, 127
What are the prime factors of ((-1)/2)/(-1 - 2535/(-2540))?
2, 127
Let t(b) = -b**2 + 7*b + 5. Let g be t(7). Suppose -2*v - 5 = 2*y - 17, g*y - 22 = -3*v. List the prime factors of v.
2
Suppose 10*l = 5*l. Suppose 3*v + l*v - 135 = 0. What are the prime factors of (792/v)/(4/10)?
2, 11
Let b(y) be the third derivative of y**6/120 + 2*y**5/15 - 11*y**4/24 - y**3 - 10*y**2. Let o be b(-7). Suppose -42 = 3*h - o. List the prime factors of h.
2, 13
Let o(w) = -6*w + 15*w + 2 - w**2 - 17 + 3. Let m be o(7). List th